{"id":581,"date":"2023-04-05T15:54:05","date_gmt":"2023-04-05T18:54:05","guid":{"rendered":"http:\/\/lafaranda.kunay.info\/?page_id=581"},"modified":"2026-07-27T20:51:51","modified_gmt":"2026-07-27T23:51:51","slug":"agenda","status":"publish","type":"page","link":"https:\/\/lafaranda.com.ar\/index.php\/agenda\/","title":{"rendered":"Agenda"},"content":{"rendered":"<p>[vc_row][vc_column width=&#8221;1\/2&#8243;][\/vc_column][\/vc_row][vc_row][vc_column][vc_column_text]<em><span style=\"color: #800080;\"><strong>Se puede consultar siempre al wpp 3876056019 para organizar capacitaciones y funciones en eventos, colegios y otras instituciones.<\/strong><\/span><\/em><\/p>\n<p><strong>\u00a0 La Faranda en el ciclo Teatro de Invierno en La Fundaci\u00f3n Salta 2026.<\/strong><\/p>\n<p>(Gral. G\u00fcemes 434-Salta Capital)<\/p>\n<p><img loading=\"lazy\" decoding=\"async\" class=\"alignnone size-medium wp-image-1133\" src=\"https:\/\/lafaranda.com.ar\/wp-content\/uploads\/2026\/07\/Fundacion-Fedro-300x130.jpg\" alt=\"\" width=\"300\" height=\"130\" srcset=\"https:\/\/lafaranda.com.ar\/wp-content\/uploads\/2026\/07\/Fundacion-Fedro-300x130.jpg 300w, https:\/\/lafaranda.com.ar\/wp-content\/uploads\/2026\/07\/Fundacion-Fedro-1024x443.jpg 1024w, https:\/\/lafaranda.com.ar\/wp-content\/uploads\/2026\/07\/Fundacion-Fedro-768x332.jpg 768w, https:\/\/lafaranda.com.ar\/wp-content\/uploads\/2026\/07\/Fundacion-Fedro.jpg 1080w\" sizes=\"auto, (max-width: 300px) 100vw, 300px\" \/> <img loading=\"lazy\" decoding=\"async\" class=\"alignnone size-medium wp-image-1134\" src=\"https:\/\/lafaranda.com.ar\/wp-content\/uploads\/2026\/07\/Fundacion-Una-Noche-sola-300x171.jpg\" alt=\"\" width=\"300\" height=\"171\" srcset=\"https:\/\/lafaranda.com.ar\/wp-content\/uploads\/2026\/07\/Fundacion-Una-Noche-sola-300x171.jpg 300w, https:\/\/lafaranda.com.ar\/wp-content\/uploads\/2026\/07\/Fundacion-Una-Noche-sola-1024x582.jpg 1024w, https:\/\/lafaranda.com.ar\/wp-content\/uploads\/2026\/07\/Fundacion-Una-Noche-sola-768x437.jpg 768w, https:\/\/lafaranda.com.ar\/wp-content\/uploads\/2026\/07\/Fundacion-Una-Noche-sola.jpg 1080w\" sizes=\"auto, (max-width: 300px) 100vw, 300px\" \/><\/p>\n<p>Las funciones de los domingos 23\/08 y 6\/09 son para p\u00fablico espont\u00e1neo.<\/p>\n<p>El resto de las fechas es para coordinar funciones para colegios.<\/p>\n<p>Consultas y reservas al 3876056019 o en la Fundaci\u00f3n Salta. (www.fundacionsalta.com)<\/p>\n<p><strong>Pr\u00f3ximo <\/strong><strong>estreno en septiembre 2026! <\/strong>Una nueva versi\u00f3n de nuestro Quijote&#8230;<\/p>\n<p><img loading=\"lazy\" decoding=\"async\" class=\"alignnone size-medium wp-image-1135\" src=\"https:\/\/lafaranda.com.ar\/wp-content\/uploads\/2026\/07\/Banner-Quijote-a-la-cabeza-212x300.jpg\" alt=\"\" width=\"212\" height=\"300\" srcset=\"https:\/\/lafaranda.com.ar\/wp-content\/uploads\/2026\/07\/Banner-Quijote-a-la-cabeza-212x300.jpg 212w, https:\/\/lafaranda.com.ar\/wp-content\/uploads\/2026\/07\/Banner-Quijote-a-la-cabeza-724x1024.jpg 724w, https:\/\/lafaranda.com.ar\/wp-content\/uploads\/2026\/07\/Banner-Quijote-a-la-cabeza-768x1086.jpg 768w, https:\/\/lafaranda.com.ar\/wp-content\/uploads\/2026\/07\/Banner-Quijote-a-la-cabeza.jpg 877w\" sizes=\"auto, (max-width: 212px) 100vw, 212px\" \/><!--more-->[\/vc_column_text][\/vc_column][\/vc_row][vc_row][vc_column][\/vc_column][\/vc_row][vc_row][vc_column][vc_wp_archives][\/vc_column][\/vc_row]<\/p>\n","protected":false},"excerpt":{"rendered":"<p>[vc_row][vc_column width=&#8221;1\/2&#8243;][\/vc_column][\/vc_row][vc_row][vc_column][vc_column_text]Se puede consultar siempre al wpp 3876056019 para organizar capacitaciones y funciones en eventos, colegios y otras instituciones. \u00a0 La Faranda en el ciclo Teatro de Invierno en La Fundaci\u00f3n Salta 2026. (Gral. G\u00fcemes 434-Salta Capital) Las funciones de los domingos 23\/08 y 6\/09 son para p\u00fablico espont\u00e1neo. El resto de las fechas es para coordinar funciones para colegios. Consultas y reservas al 3876056019 o en la Fundaci\u00f3n Salta. (www.fundacionsalta.com) Pr\u00f3ximo estreno en septiembre 2026! Una nueva versi\u00f3n de nuestro Quijote&#8230;<\/p>\n","protected":false},"author":1,"featured_media":0,"parent":0,"menu_order":4,"comment_status":"closed","ping_status":"closed","template":"","meta":{"footnotes":""},"class_list":["post-581","page","type-page","status-publish","hentry"],"_links":{"self":[{"href":"https:\/\/lafaranda.com.ar\/index.php\/wp-json\/wp\/v2\/pages\/581","targetHints":{"allow":["GET"]}}],"collection":[{"href":"https:\/\/lafaranda.com.ar\/index.php\/wp-json\/wp\/v2\/pages"}],"about":[{"href":"https:\/\/lafaranda.com.ar\/index.php\/wp-json\/wp\/v2\/types\/page"}],"author":[{"embeddable":true,"href":"https:\/\/lafaranda.com.ar\/index.php\/wp-json\/wp\/v2\/users\/1"}],"replies":[{"embeddable":true,"href":"https:\/\/lafaranda.com.ar\/index.php\/wp-json\/wp\/v2\/comments?post=581"}],"version-history":[{"count":58,"href":"https:\/\/lafaranda.com.ar\/index.php\/wp-json\/wp\/v2\/pages\/581\/revisions"}],"predecessor-version":[{"id":1138,"href":"https:\/\/lafaranda.com.ar\/index.php\/wp-json\/wp\/v2\/pages\/581\/revisions\/1138"}],"wp:attachment":[{"href":"https:\/\/lafaranda.com.ar\/index.php\/wp-json\/wp\/v2\/media?parent=581"}],"curies":[{"name":"wp","href":"https:\/\/api.w.org\/{rel}","templated":true}]}}

<p>[vc_row][vc_column width=&#8221;1/2&#8243;][/vc_column][/vc_row][vc_row][vc_column][vc_column_text]<em><span style="color: #800080;"><strong>Se puede consultar siempre al wpp 3876056019 para organizar capacitaciones y funciones en eventos, colegios y otras instituciones.</strong></span></em></p>
<p><strong>  La Faranda en el ciclo Teatro de Invierno en La Fundación Salta 2026.</strong></p>
<p>(Gral. Güemes 434-Salta Capital)</p>
<p><img loading="lazy" decoding="async" class="alignnone size-medium wp-image-1133" src="https://lafaranda.com.ar/wp-content/uploads/2026/07/Fundacion-Fedro-300x130.jpg" alt="" width="300" height="130" srcset="https://lafaranda.com.ar/wp-content/uploads/2026/07/Fundacion-Fedro-300x130.jpg 300w, https://lafaranda.com.ar/wp-content/uploads/2026/07/Fundacion-Fedro-1024x443.jpg 1024w, https://lafaranda.com.ar/wp-content/uploads/2026/07/Fundacion-Fedro-768x332.jpg 768w, https://lafaranda.com.ar/wp-content/uploads/2026/07/Fundacion-Fedro.jpg 1080w" sizes="auto, (max-width: 300px) 100vw, 300px" /> <img loading="lazy" decoding="async" class="alignnone size-medium wp-image-1134" src="https://lafaranda.com.ar/wp-content/uploads/2026/07/Fundacion-Una-Noche-sola-300x171.jpg" alt="" width="300" height="171" srcset="https://lafaranda.com.ar/wp-content/uploads/2026/07/Fundacion-Una-Noche-sola-300x171.jpg 300w, https://lafaranda.com.ar/wp-content/uploads/2026/07/Fundacion-Una-Noche-sola-1024x582.jpg 1024w, https://lafaranda.com.ar/wp-content/uploads/2026/07/Fundacion-Una-Noche-sola-768x437.jpg 768w, https://lafaranda.com.ar/wp-content/uploads/2026/07/Fundacion-Una-Noche-sola.jpg 1080w" sizes="auto, (max-width: 300px) 100vw, 300px" /></p>
<p>Las funciones de los domingos 23/08 y 6/09 son para público espontáneo.</p>
<p>El resto de las fechas es para coordinar funciones para colegios.</p>
<p>Consultas y reservas al 3876056019 o en la Fundación Salta. (www.fundacionsalta.com)</p>
<p><strong>Próximo </strong><strong>estreno en septiembre 2026! </strong>Una nueva versión de nuestro Quijote&#8230;</p>
<p><img loading="lazy" decoding="async" class="alignnone size-medium wp-image-1135" src="https://lafaranda.com.ar/wp-content/uploads/2026/07/Banner-Quijote-a-la-cabeza-212x300.jpg" alt="" width="212" height="300" srcset="https://lafaranda.com.ar/wp-content/uploads/2026/07/Banner-Quijote-a-la-cabeza-212x300.jpg 212w, https://lafaranda.com.ar/wp-content/uploads/2026/07/Banner-Quijote-a-la-cabeza-724x1024.jpg 724w, https://lafaranda.com.ar/wp-content/uploads/2026/07/Banner-Quijote-a-la-cabeza-768x1086.jpg 768w, https://lafaranda.com.ar/wp-content/uploads/2026/07/Banner-Quijote-a-la-cabeza.jpg 877w" sizes="auto, (max-width: 212px) 100vw, 212px" /><!--more-->[/vc_column_text][/vc_column][/vc_row][vc_row][vc_column][/vc_column][/vc_row][vc_row][vc_column][vc_wp_archives][/vc_column][/vc_row]</p>

<p>[vc_row][vc_column width=&#8221;1/2&#8243;][/vc_column][/vc_row][vc_row][vc_column][vc_column_text]Se puede consultar siempre al wpp 3876056019 para organizar capacitaciones y funciones en eventos, colegios y otras instituciones.   La Faranda en el ciclo Teatro de Invierno en La Fundación Salta 2026. (Gral. Güemes 434-Salta Capital) Las funciones de los domingos 23/08 y 6/09 son para público espontáneo. El resto de las fechas es para coordinar funciones para colegios. Consultas y reservas al 3876056019 o en la Fundación Salta. (www.fundacionsalta.com) Próximo estreno en septiembre 2026! Una nueva versión de nuestro Quijote&#8230;</p>
