{"id":617,"date":"2023-05-02T22:17:05","date_gmt":"2023-05-03T01:17:05","guid":{"rendered":"http:\/\/lafaranda.kunay.info\/?page_id=617"},"modified":"2023-08-28T14:26:35","modified_gmt":"2023-08-28T17:26:35","slug":"gigantes","status":"publish","type":"page","link":"https:\/\/lafaranda.com.ar\/index.php\/gigantes\/","title":{"rendered":"Gigantes"},"content":{"rendered":"<p>[vc_row][vc_column][vc_column_text]Son t\u00edteres de 4 metros o m\u00e1s, con mecanismos que producen diferentes movimientos. Manipulados e interpretados, en su mayor\u00eda, por 2 personas. Algunos forman parte de obras y otros son montajes individuales.[\/vc_column_text][\/vc_column][\/vc_row][vc_row][vc_column width=&#8221;1\/2&#8243;][vc_column_text]<strong>MANTIS (2022): <\/strong>6m de altura<strong>.<\/strong><\/p>\n<p>Fernando Arancibia colabor\u00f3 en esta experiencia art\u00edstica colectiva construyendo la estructura sost\u00e9n de la mantis y los mecanismos correspondientes a movimientos de cabeza, patas, alas y traslado.<\/p>\n<p>[\/vc_column_text][\/vc_column][vc_column width=&#8221;1\/2&#8243;][vc_gallery interval=&#8221;0&#8243; images=&#8221;788,789,791,790&#8243; img_size=&#8221;300&#215;300&#8243;][\/vc_column][\/vc_row][vc_row][vc_column width=&#8221;1\/2&#8243;][vc_column_text]<strong>DRAGONES FEDRO (2008\/2018): <\/strong>4m de altura. Movimientos de cabeza, boca, garras y alas.<\/p>\n<p>[\/vc_column_text][\/vc_column][vc_column width=&#8221;1\/2&#8243;][vc_gallery interval=&#8221;0&#8243; images=&#8221;767,768,770,769,766,765,764,762,761,763&#8243; img_size=&#8221;300&#215;300&#8243;][\/vc_column][\/vc_row][vc_row][vc_column width=&#8221;1\/2&#8243;][vc_column_text]<strong>MACHO CABR\u00cdO (2017): <\/strong>5m de altura.<\/p>\n<p>La Faranda construy\u00f3 un t\u00edtere mec\u00e1nico gigante para la apertura de los Corsos del Carnaval de Santiago del Estero. E instruy\u00f3 a sus tres manipuladores. Coproducci\u00f3n con INT Santiago del Estero.<\/p>\n<p>[\/vc_column_text][\/vc_column][vc_column width=&#8221;1\/2&#8243;][vc_gallery interval=&#8221;0&#8243; images=&#8221;783,786,787,782,784,785&#8243; img_size=&#8221;300&#215;300&#8243;][\/vc_column][\/vc_row][vc_row][vc_column width=&#8221;1\/2&#8243;][vc_column_text]<strong>LATOCARTONOSAURIO (2016): <\/strong>4m de altura. Monstruo fant\u00e1stico, de cart\u00f3n y lata de la obra \u201cUna noche de aventuras\u201d.<\/p>\n<p>[\/vc_column_text][\/vc_column][vc_column width=&#8221;1\/2&#8243;][vc_gallery interval=&#8221;0&#8243; images=&#8221;780,781&#8243; img_size=&#8221;300&#215;300&#8243;][\/vc_column][\/vc_row][vc_row][vc_column width=&#8221;1\/2&#8243;][vc_column_text]<strong>TERRONE (2015): <\/strong>6m de altura. Movimientos de cabeza, p\u00e1rpados, boca, pecho y brazo.<\/p>\n<p>[\/vc_column_text][\/vc_column][vc_column width=&#8221;1\/2&#8243;][vc_gallery interval=&#8221;0&#8243; images=&#8221;774,773,772,771&#8243; img_size=&#8221;300&#215;300&#8243;][\/vc_column][\/vc_row]<\/p>\n","protected":false},"excerpt":{"rendered":"<p>[vc_row][vc_column][vc_column_text]Son t\u00edteres de 4 metros o m\u00e1s, con mecanismos que producen diferentes movimientos. Manipulados e interpretados, en su mayor\u00eda, por 2 personas. Algunos forman parte de obras y otros son montajes individuales.[\/vc_column_text][\/vc_column][\/vc_row][vc_row][vc_column width=&#8221;1\/2&#8243;][vc_column_text]MANTIS (2022): 6m de altura. Fernando Arancibia colabor\u00f3 en esta experiencia art\u00edstica colectiva construyendo la estructura sost\u00e9n de la mantis y los mecanismos correspondientes a movimientos de cabeza, patas, alas y traslado. [\/vc_column_text][\/vc_column][vc_column width=&#8221;1\/2&#8243;][vc_gallery interval=&#8221;0&#8243; images=&#8221;788,789,791,790&#8243; img_size=&#8221;300&#215;300&#8243;][\/vc_column][\/vc_row][vc_row][vc_column width=&#8221;1\/2&#8243;][vc_column_text]DRAGONES FEDRO (2008\/2018): 4m de altura. Movimientos de cabeza, boca, garras y alas. [\/vc_column_text][\/vc_column][vc_column width=&#8221;1\/2&#8243;][vc_gallery interval=&#8221;0&#8243; images=&#8221;767,768,770,769,766,765,764,762,761,763&#8243; img_size=&#8221;300&#215;300&#8243;][\/vc_column][\/vc_row][vc_row][vc_column width=&#8221;1\/2&#8243;][vc_column_text]MACHO CABR\u00cdO (2017): 5m de altura. La Faranda construy\u00f3 un t\u00edtere mec\u00e1nico gigante para la apertura de los Corsos del Carnaval de Santiago del Estero. E instruy\u00f3 a sus tres manipuladores. Coproducci\u00f3n con INT Santiago del Estero. [\/vc_column_text][\/vc_column][vc_column width=&#8221;1\/2&#8243;][vc_gallery interval=&#8221;0&#8243; images=&#8221;783,786,787,782,784,785&#8243; img_size=&#8221;300&#215;300&#8243;][\/vc_column][\/vc_row][vc_row][vc_column width=&#8221;1\/2&#8243;][vc_column_text]LATOCARTONOSAURIO (2016): 4m de altura. Monstruo fant\u00e1stico, de cart\u00f3n y lata de la obra \u201cUna noche de aventuras\u201d. [\/vc_column_text][\/vc_column][vc_column width=&#8221;1\/2&#8243;][vc_gallery interval=&#8221;0&#8243; images=&#8221;780,781&#8243; img_size=&#8221;300&#215;300&#8243;][\/vc_column][\/vc_row][vc_row][vc_column width=&#8221;1\/2&#8243;][vc_column_text]TERRONE (2015): 6m de altura. Movimientos de cabeza, p\u00e1rpados, boca, pecho y brazo. [\/vc_column_text][\/vc_column][vc_column width=&#8221;1\/2&#8243;][vc_gallery interval=&#8221;0&#8243; images=&#8221;774,773,772,771&#8243; img_size=&#8221;300&#215;300&#8243;][\/vc_column][\/vc_row]<\/p>\n","protected":false},"author":1,"featured_media":0,"parent":0,"menu_order":2,"comment_status":"closed","ping_status":"closed","template":"","meta":{"footnotes":""},"class_list":["post-617","page","type-page","status-publish","hentry"],"_links":{"self":[{"href":"https:\/\/lafaranda.com.ar\/index.php\/wp-json\/wp\/v2\/pages\/617","targetHints":{"allow":["GET"]}}],"collection":[{"href":"https:\/\/lafaranda.com.ar\/index.php\/wp-json\/wp\/v2\/pages"}],"about":[{"href":"https:\/\/lafaranda.com.ar\/index.php\/wp-json\/wp\/v2\/types\/page"}],"author":[{"embeddable":true,"href":"https:\/\/lafaranda.com.ar\/index.php\/wp-json\/wp\/v2\/users\/1"}],"replies":[{"embeddable":true,"href":"https:\/\/lafaranda.com.ar\/index.php\/wp-json\/wp\/v2\/comments?post=617"}],"version-history":[{"count":22,"href":"https:\/\/lafaranda.com.ar\/index.php\/wp-json\/wp\/v2\/pages\/617\/revisions"}],"predecessor-version":[{"id":937,"href":"https:\/\/lafaranda.com.ar\/index.php\/wp-json\/wp\/v2\/pages\/617\/revisions\/937"}],"wp:attachment":[{"href":"https:\/\/lafaranda.com.ar\/index.php\/wp-json\/wp\/v2\/media?parent=617"}],"curies":[{"name":"wp","href":"https:\/\/api.w.org\/{rel}","templated":true}]}}