{"id":619,"date":"2023-05-02T22:17:29","date_gmt":"2023-05-03T01:17:29","guid":{"rendered":"http:\/\/lafaranda.kunay.info\/?page_id=619"},"modified":"2023-08-28T14:27:02","modified_gmt":"2023-08-28T17:27:02","slug":"capacitaciones","status":"publish","type":"page","link":"https:\/\/lafaranda.com.ar\/index.php\/capacitaciones\/","title":{"rendered":"Capacitaciones"},"content":{"rendered":"<p>[vc_row][vc_column][vc_column_text]La Faranda cuenta con espacio, herramientas y equipos adecuados para capacitaciones, becas, residencias, asistencias relacionadas con iluminaci\u00f3n, escenograf\u00eda, construcci\u00f3n de objetos, t\u00edteres y mecanismos esc\u00e9nicos, dramaturgia, entrenamiento actoral y de la voz. Tambi\u00e9n se puede experimentar, investigar y profundizar en diferentes aspectos del oficio teatral.<\/p>\n<p>Se prefieren encuentros intensivos con un fin espec\u00edfico.[\/vc_column_text][vc_row_inner][vc_column_inner width=&#8221;1\/2&#8243;][vc_images_carousel images=&#8221;796&#8243; img_size=&#8221;375&#215;300&#8243; speed=&#8221;0&#8243; hide_pagination_control=&#8221;yes&#8221; hide_prev_next_buttons=&#8221;yes&#8221;][\/vc_column_inner][vc_column_inner width=&#8221;1\/2&#8243;][vc_images_carousel images=&#8221;794&#8243; img_size=&#8221;375&#215;300&#8243; speed=&#8221;0&#8243; hide_pagination_control=&#8221;yes&#8221; hide_prev_next_buttons=&#8221;yes&#8221;][\/vc_column_inner][\/vc_row_inner][vc_row_inner][vc_column_inner width=&#8221;1\/2&#8243;][vc_images_carousel images=&#8221;795&#8243; img_size=&#8221;375&#215;300&#8243; speed=&#8221;0&#8243; hide_pagination_control=&#8221;yes&#8221; hide_prev_next_buttons=&#8221;yes&#8221;][\/vc_column_inner][vc_column_inner width=&#8221;1\/2&#8243;][vc_images_carousel images=&#8221;797&#8243; img_size=&#8221;375&#215;300&#8243; speed=&#8221;0&#8243; hide_pagination_control=&#8221;yes&#8221; hide_prev_next_buttons=&#8221;yes&#8221;][\/vc_column_inner][\/vc_row_inner][vc_row_inner][vc_column_inner width=&#8221;1\/2&#8243;][vc_images_carousel images=&#8221;918&#8243; img_size=&#8221;375&#215;300&#8243; speed=&#8221;0&#8243; hide_pagination_control=&#8221;yes&#8221; hide_prev_next_buttons=&#8221;yes&#8221;][\/vc_column_inner][vc_column_inner width=&#8221;1\/2&#8243;][vc_images_carousel images=&#8221;919&#8243; img_size=&#8221;375&#215;300&#8243; speed=&#8221;0&#8243; hide_pagination_control=&#8221;yes&#8221; hide_prev_next_buttons=&#8221;yes&#8221;][\/vc_column_inner][\/vc_row_inner][vc_row_inner][vc_column_inner width=&#8221;1\/2&#8243;][vc_images_carousel images=&#8221;920&#8243; img_size=&#8221;375&#215;300&#8243; speed=&#8221;0&#8243; hide_pagination_control=&#8221;yes&#8221; hide_prev_next_buttons=&#8221;yes&#8221;][\/vc_column_inner][vc_column_inner width=&#8221;1\/2&#8243;][vc_images_carousel images=&#8221;921&#8243; img_size=&#8221;375&#215;300&#8243; speed=&#8221;0&#8243; hide_pagination_control=&#8221;yes&#8221; hide_prev_next_buttons=&#8221;yes&#8221;][\/vc_column_inner][\/vc_row_inner][\/vc_column][\/vc_row]<\/p>\n","protected":false},"excerpt":{"rendered":"<p>[vc_row][vc_column][vc_column_text]La Faranda cuenta con espacio, herramientas y equipos adecuados para capacitaciones, becas, residencias, asistencias relacionadas con iluminaci\u00f3n, escenograf\u00eda, construcci\u00f3n de objetos, t\u00edteres y mecanismos esc\u00e9nicos, dramaturgia, entrenamiento actoral y de la voz. Tambi\u00e9n se puede experimentar, investigar y profundizar en diferentes aspectos del oficio teatral. Se prefieren encuentros intensivos con un fin espec\u00edfico.[\/vc_column_text][vc_row_inner][vc_column_inner width=&#8221;1\/2&#8243;][vc_images_carousel images=&#8221;796&#8243; img_size=&#8221;375&#215;300&#8243; speed=&#8221;0&#8243; hide_pagination_control=&#8221;yes&#8221; hide_prev_next_buttons=&#8221;yes&#8221;][\/vc_column_inner][vc_column_inner width=&#8221;1\/2&#8243;][vc_images_carousel images=&#8221;794&#8243; img_size=&#8221;375&#215;300&#8243; speed=&#8221;0&#8243; hide_pagination_control=&#8221;yes&#8221; hide_prev_next_buttons=&#8221;yes&#8221;][\/vc_column_inner][\/vc_row_inner][vc_row_inner][vc_column_inner width=&#8221;1\/2&#8243;][vc_images_carousel images=&#8221;795&#8243; img_size=&#8221;375&#215;300&#8243; speed=&#8221;0&#8243; hide_pagination_control=&#8221;yes&#8221; hide_prev_next_buttons=&#8221;yes&#8221;][\/vc_column_inner][vc_column_inner width=&#8221;1\/2&#8243;][vc_images_carousel images=&#8221;797&#8243; img_size=&#8221;375&#215;300&#8243; speed=&#8221;0&#8243; hide_pagination_control=&#8221;yes&#8221; hide_prev_next_buttons=&#8221;yes&#8221;][\/vc_column_inner][\/vc_row_inner][vc_row_inner][vc_column_inner width=&#8221;1\/2&#8243;][vc_images_carousel images=&#8221;918&#8243; img_size=&#8221;375&#215;300&#8243; speed=&#8221;0&#8243; hide_pagination_control=&#8221;yes&#8221; hide_prev_next_buttons=&#8221;yes&#8221;][\/vc_column_inner][vc_column_inner width=&#8221;1\/2&#8243;][vc_images_carousel images=&#8221;919&#8243; img_size=&#8221;375&#215;300&#8243; speed=&#8221;0&#8243; hide_pagination_control=&#8221;yes&#8221; hide_prev_next_buttons=&#8221;yes&#8221;][\/vc_column_inner][\/vc_row_inner][vc_row_inner][vc_column_inner width=&#8221;1\/2&#8243;][vc_images_carousel images=&#8221;920&#8243; img_size=&#8221;375&#215;300&#8243; speed=&#8221;0&#8243; hide_pagination_control=&#8221;yes&#8221; hide_prev_next_buttons=&#8221;yes&#8221;][\/vc_column_inner][vc_column_inner width=&#8221;1\/2&#8243;][vc_images_carousel images=&#8221;921&#8243; img_size=&#8221;375&#215;300&#8243; speed=&#8221;0&#8243; hide_pagination_control=&#8221;yes&#8221; hide_prev_next_buttons=&#8221;yes&#8221;][\/vc_column_inner][\/vc_row_inner][\/vc_column][\/vc_row]<\/p>\n","protected":false},"author":1,"featured_media":0,"parent":0,"menu_order":5,"comment_status":"closed","ping_status":"closed","template":"","meta":{"footnotes":""},"class_list":["post-619","page","type-page","status-publish","hentry"],"_links":{"self":[{"href":"https:\/\/lafaranda.com.ar\/index.php\/wp-json\/wp\/v2\/pages\/619","targetHints":{"allow":["GET"]}}],"collection":[{"href":"https:\/\/lafaranda.com.ar\/index.php\/wp-json\/wp\/v2\/pages"}],"about":[{"href":"https:\/\/lafaranda.com.ar\/index.php\/wp-json\/wp\/v2\/types\/page"}],"author":[{"embeddable":true,"href":"https:\/\/lafaranda.com.ar\/index.php\/wp-json\/wp\/v2\/users\/1"}],"replies":[{"embeddable":true,"href":"https:\/\/lafaranda.com.ar\/index.php\/wp-json\/wp\/v2\/comments?post=619"}],"version-history":[{"count":14,"href":"https:\/\/lafaranda.com.ar\/index.php\/wp-json\/wp\/v2\/pages\/619\/revisions"}],"predecessor-version":[{"id":923,"href":"https:\/\/lafaranda.com.ar\/index.php\/wp-json\/wp\/v2\/pages\/619\/revisions\/923"}],"wp:attachment":[{"href":"https:\/\/lafaranda.com.ar\/index.php\/wp-json\/wp\/v2\/media?parent=619"}],"curies":[{"name":"wp","href":"https:\/\/api.w.org\/{rel}","templated":true}]}}